- 81?
-84
In base 10, what is -1 + 99?
98
In base 8, what is 3024 + 3?
3027
In base 9, what is 6 + -2?
4
In base 2, what is 1010 - -101011001?
101100011
In base 14, what is 38b + 4?
391
In base 15, what is -2 - -52?
50
In base 9, what is 1 - 5601?
-5600
In base 8, what is -5 - -10?
3
In base 7, what is -125 + -10?
-135
In base 14, what is -7 - -12d?
126
In base 10, what is -24 - 7?
-31
In base 12, what is 1a6 - -4?
1aa
In base 16, what is 15d + 0?
15d
In base 10, what is -13 - -23?
10
In base 11, what is 2 + -65?
-63
In base 12, what is -12 - -182?
170
In base 4, what is 113 + 112000?
112113
In base 12, what is 3 - ba?
-b7
In base 4, what is 23 - -211010?
211033
In base 11, what is -451 - 5?
-456
In base 7, what is 20556 + -2?
20554
In base 10, what is 2 + 3675?
3677
In base 16, what is e8 - -3?
eb
In base 4, what is -3203 + 11?
-3132
In base 14, what is -5b2b + -3?
-5b30
In base 15, what is 19 - 11?
8
In base 6, what is 1411 + 0?
1411
In base 3, what is 20021 - -1?
20022
In base 11, what is 199 + 5?
1a3
In base 8, what is 324 - 1?
323
In base 16, what is 5 - -e?
13
In base 8, what is -17 + -100?
-117
In base 12, what is -79 + -b?
-88
In base 15, what is 185e + -4?
185a
In base 5, what is -1 + 10032?
10031
In base 5, what is -11 - -132?
121
In base 9, what is -148 - -4?
-144
In base 4, what is -1 + -20201?
-20202
In base 8, what is -310 - 0?
-310
In base 10, what is -187 + -9?
-196
In base 10, what is 630 + 2?
632
In base 10, what is 3 - 15?
-12
In base 14, what is 1c + -dd?
-c1
In base 5, what is -4 + -1404?
-1413
In base 7, what is -10 + 10?
0
In base 16, what is -5b + -3?
-5e
In base 10, what is 26 + 19?
45
In base 14, what is 14 + -5?
d
In base 7, what is 3 + 31?
34
In base 12, what is 936 + 3?
939
In base 7, what is -4 + -5041?
-5045
In base 13, what is -a - -b3?
a6
In base 10, what is 2 + -190?
-188
In base 12, what is -9b81 + -4?
-9b85
In base 15, what is -1 + -28?
-29
In base 13, what is 1 + 2716?
2717
In base 6, what is -114 + -3?
-121
In base 4, what is 111 + -112?
-1
In base 6, what is -10425 - 2?
-10431
In base 16, what is 9 + -4?
5
In base 8, what is 204 + 2?
206
In base 2, what is -1 - 11001?
-11010
In base 11, what is -176 - -19?
-158
In base 3, what is -1 - -12100012?
12100011
In base 11, what is 34 + 2a?
63
In base 2, what is -11 - -10100000000?
10011111101
In base 12, what is -5 - bb?
-104
In base 2, what is 1100000011 + -11?
1100000000
In base 5, what is 3 - 3332?
-3324
In base 5, what is -40234 - 0?
-40234
In base 9, what is 2 + -45?
-43
In base 5, what is -11 + 43?
32
In base 9, what is -21 + 15?
-5
In base 5, what is 4 + 4100?
4104
In base 9, what is 5 - 240?
-234
In base 6, what is -435 - 0?
-435
In base 10, what is -6345 + 4?
-6341
In base 3, what is -10100 + 221?
-2102
In base 5, what is 204 + 1?
210
In base 16, what is -1 + -7a?
-7b
In base 16, what is 2f + -10?
1f
In base 16, what is -1c80 - -3?
-1c7d
In base 16, what is -7a - 6?
-80
In base 10, what is -54 - 4?
-58
In base 5, what is 21 + -20?
1
In base 8, what is 0 - -360?
360
In base 9, what is -1 - 180?
-181
In base 14, what is 1a1 + 1?
1a2
In base 10, what is 1 + 4951?
4952
In base 14, what is 0 + 2?
2
In base 11, what is -196 + 19?
-178
In base 3, what is -11 - -11?
0
In base 15, what is -3 + -15c?
-160
In base 4, what is -11 - -23?
12
In base 11, what is -29 - 15?
-43
In base 14, what is -5 + -217?
-21c
In base 14, what is 6 + 18?
20
In base 11, what is 169a - -5?
16a4
In base 12, what is 2 - 1087?
-1085
In base 11, what is -1 + -4?
-5
In base 10, what is 75 + 18?
93
In base 10, what is 7 + 769?
776
In base 4, what is 13 - 2123?
-2110
In base 4, what is 100102 + -3?
100033
In base 9, what is 4072 - 4?
4067
In base 4, what is -1123002 + -10?
-1123012
In base 10, what is 2611 - 3?
2608
In base 4, what is 3020 + -210?
2210
In base 6, what is -2425 - 22?
-2451
In base 2, what is -101 + 101111?
101010
In base 13, what is -12b4 - 3?
-12b7
In base 6, what is -434 - -1?
-433
In base 11, what is -26 - 12?
-38
In base 5, what is -2 - -24?
22
In base 5, what is 12141 + -11?
12130
In base 10, what is 0 + 26?
26
In base 4, what is -10211 - 11?
-10222
In base 11, what is 1635 + 0?
1635
In base 9, what is 60 - 3?
56
In base 15, what is -48ad - -2?
-48ab
In base 15, what is 0 - -267?
267
In base 11, what is 1609 - -2?
1610
In base 3, what is 2000210 + 10?
2000220
In base 16, what is 1 - b33?
-b32
In base 4, what is 23221 - 1?
23220
In base 11, what is 1 + 45?
46
In base 6, what is -35 - 315?
-354
In base 7, what is -40122 + -3?
-40125
In base 12, what is 17 - -b?
26
In base 9, what is -618 + 8?
-610
In base 15, what is 18 - 1a?
-2
In base 6, what is -4 + -1050?
-1054
In base 12, what is 562a - 0?
562a
In base 9, what is -13 + -37?
-51
In base 7, what is 3 - 263?
-260
In base 6, what is 251 + -3?
244
In base 3, what is 20100021 - -1?
20100022
In base 11, what is -315 + -2?
-317
In base 8, what is -64 - 53?
-137
In base 14, what is 2 - 49?
-47
In base 7, what is 50041 - -4?
50045
In base 6, what is 235 + -15?
220
In base 3, what is -2101 - 110101?
-112202
In base 4, what is 10 + -1101232?
-1101222
In base 11, what is -36 + -2?
-38
In base 5, what is -31400 - 0?
-31400
In base 14, what is 9 + -34?
-29
In base 16, what is 3 - f1e?
-f1b
In base 6, what is 233 + -3?
230
In base 16, what is 9 - -54?
5d
In base 2, what is -100110000100 + 101?
-100101111111
In base 5, what is 2040 - 20?
2020
In base 9, what is -7224 + 2?
-7222
In base 4, what is 30013 - 11?
30002
In base 10, what is 169 - 5?
164
In base 12, what is 5 + 34?
39
In base 5, what is -24243 - -2?
-24241
In base 13, what is 1 - 1250?
-124c
In base 15, what is -175 + -2?
-177
In base 8, what is 7 + -25?
-16
In base 14, what is 0 - 44?
-44
In base 2, what is -1001 - 101111?
-111000
In base 7, what is 3 - -263?
266
In base 10, what is -11 - -15?
4
In base 11, what is -97a9 - 1?
-97aa
In base 5, what is -3214 + -2?
-3221
In base 14, what is -218 + 1?
-217
In base 15, what is 7 - 5e?
-57
In base 6, what is 1151335 - -2?
1151341
In base 7, what is -1 + -1235?
-1236
In base 4, what is -3 - -112?
103
In base 3, what is 1002212 + 1?
1002220
In base 10, what is 4 - -991?
995
In base 9, what is -85884 - -2?
-85882
In base 16, what is a - 2b0?
-2a6
In base 7, what is -616 + -26?
-645
In base 9, what is 0 + -1820?
-1820
In base 2, what is -100 - 1001101101?
-1001110001
In base 14, what is -23 - -ac?
89
In base 14, what is 16 - -8a?
a2
In base 6, what is -5 + 115?
110
In base 14, what is 3bbd - -2?
3bc1
In base 16, what is -12 - -c2?
b0
In base 14, what is 48b - 4?
487
In base 2, what is -101100 - -101?
-100111
In base 2, what is 1 - 1?
0
In base 16, what is 5 - 41?
-3c
In base 5, what is 24 + 110?
134
In base 13, what is 4 + 82?
86
In base 4, what is -201 + -1?
-202
In base 10, what is 12 - 1836?
-1824
In base 16, what is -bb + 0?
-bb
In base 8, what is 0 - -1630?
1630
In base 10, what is 5 - -119?
124
In base 14, what is 1d + -29?
-a
In base 14, what is -61 - -4?
-5b
In base 12, what is -9 + 4?
-5
In base 5, what is -102 - 202?
-304
In base 10, what is -1 - -33?
32
In base 10, what is 4 - 1225?
-1221
In base 11, what is 21 - -324?
345
In base 6, what is -5 - -5041?
5032
In base 15, what is -4a - b5?
-110
In base 9, what is -47 - -4?
-43
In base 13, what is -5 + 5c?
57
In base 11, what is 12 - 18?
-6
In base 3, what is 1001 - 11?
220
In base 16, what is -112c - -2?
-112a
In base 2, what is 101001 - 10?
100111
In base 11, what is -17 + 337?
320
In base 4, what is -2 + -1003?
-1011
In base 9, what is 25471 + 1?
25472
In base 6, what is -14524 + -2?
-14530
In base 6, what is 322 + -11?
311
In base 3, what is -1000 - -12?
-211
In base 14, what is d28 + -4?
d24
In base 9, what is -5 - 518?
-524
In base 9, what is -33 - 18?
-52
In base 15, what is 4 - -4d7?
4db
In base 12, what is -3 - -16aa?
16a7
In base 5, what is -24 + 211?
132
In base 14, what is 5 + 0?
5
In base 15, what is 107 - -3?
10a
In base 9, what is 144 - 1?
143
In base 15, what is 8b + -3?
88
In base 11, what is 0 + 22?
22
In base 16, what is 1 - 7a?
-79
In base 13, what is 1 - 80?
-7c
In base 15, what is a00 - 2?
9ed
In base 12, what is 11 - -27?
38
In base 16, what is -a5 + -4d?
-f2
In base 7, what is -10 - 22?
-32
In base 12, what is -19 + -319?
-336
In base 8, what is -12